(c) be the second derivative of -1/6*c**3 - c**2 + 5*c + 0. Calculate m(3).
-5
Let b(n) = -n**3 + n**2 + n + 1. Let w(o) = o**3 - 5*o**2 + 4*o + 1. Let r(i) = -2*b(i) - w(i). What is r(-4)?
5
Let s(k) be the third derivative of -k**7/2520 - k**6/240 + k**5/120 + 5*k**4/24 + k**2. Let d(m) be the second derivative of s(m). Calculate d(-2).
3
Let n be 128/56 - 2/7. Let c(y) = -2 - 4*y + 5*y + n*y. Determine c(-3).
-11
Let i(p) = -p**2 - 9*p - 5. Let a(k) = k - 1. Let n(y) = -2*a(y) - i(y). Give n(-7).
7
Let g(z) = -2*z + 2. Let k = 17 - 29. Let t be k/16 + 1/(-4). Let m be 1/2*(t - -7). Give g(m).
-4
Let k(l) = l**2 - 4*l + 2*l + 9*l. Give k(-7).
0
Let s = 1 + -3. Let y(g) be the third derivative of -g**5/60 - g**4/8 - g**3/3 - g**2. Give y(s).
0
Suppose 0*n - 25 = -5*n. Let m = 10 - n. Let b(t) = -t + 1. What is b(m)?
-4
Let a(s) = s. Suppose 5*m + 3 = 3*x + 1, 4 = -2*m + 2*x. Let r = 5 - m. What is a(r)?
3
Suppose 10 = t + 4*t. Let p(s) = s + s**t - 6*s - 2*s**2 - 3. Give p(-5).
-3
Let s(g) = 7*g - 1. Let q(x) = -x**2 + 3*x + 4. Suppose -w + 2 = -1. Let t be q(w). Suppose t*u = u + 3. Determine s(u).
6
Let p be (2 - 2)/(-2) + -7 + 6. Let b(m) = -15*m**3 - m. What is b(p)?
16
Let p(k) = -4 - 9*k + 12*k**3 - 11*k**3 + k**2 + 7*k**2. Calculate p(-9).
-4
Let y(z) = -z**2 + z + 1. Let p(s) = -5*s**2 - s + 1. Let t(j) = j**2 + 4*j - 6. Let w be t(-5). Let l(c) = w*p(c) + 6*y(c). Determine l(7).
5
Let i(r) = r**3 - 3*r**2 - 3*r - 4. Let w be i(4). Let n(g) be the first derivative of -g**4/4 + g**3/3 - g**2/2 + 3*g + 3. What is n(w)?
3
Suppose -2*o + 6 - 2 = 0. Let q(a) = -22*a**2 + 19*a**o - a + 4 - 4. Calculate q(1).
-4
Let f(v) = 7*v + 2. Let j be 0 - 4/(-2 + 6). What is f(j)?
-5
Let u(i) = -2*i**2 + 3*i - 3. Let t = 3 + 0. Let r = t + -3. Let l = r + 2. Calculate u(l).
-5
Let s(z) be the first derivative of -z**3/3 - 5*z**2/2 - 3*z - 3. Let a(x) be the first derivative of s(x). Give a(-6).
7
Let o be 3/((-2)/2 + 2). Let t be o*((-7)/(-3) + -1). Let z(k) = -t*k + 4*k**2 - 2 + 8 - 5*k**2. Give z(-5).
1
Let z(q) be the second derivative of -q**7/840 + q**6/72 - q**5/120 - 7*q**4/24 - 4*q**3/3 - 6*q. Let h(v) be the second derivative of z(v). Give h(5).
-12
Let v(z) = z**3 - 3*z**2 - z**2 + 0*z**2 + 7*z**2 - 2*z - 1. Determine v(-3).
5
Let g(j) be the second derivative of -j**6/360 - j**5/60 + j**4/8 - j**3/3 - 4*j. Let q(d) be the second derivative of g(d). What is q(-3)?
0
Let p = 0 + 3. Let f(q) = 2 - 3 - p - 2*q. Give f(-4).
4
Suppose -3*p = -p. Let z(w) = 5 - w**3 + 0*w**3 - 4*w**2 + 0*w**3 + p*w**3. Let r be -2 - 2/(-4)*-4. Calculate z(r).
5
Suppose 5*z - z - 8 = 0. Suppose -5*d - 8 = 4*u, -z*u - 2 = 2*d - 0*u. Let a(y) = y + 1397 - 7*y - 701 - y**2 - 700. Calculate a(d).
4
Let m be ((-12)/(-24))/((-2)/(-8)). Let o(p) = -4*p**3 - p**m + 5*p**3 + 0*p**3 + 3 - 5*p. What is o(3)?
6
Let f(u) = 2*u + 9. Let l(n) = 3*n + 18. Suppose 0 = -5*k - 16 + 1. Let s(i) = k*l(i) + 5*f(i). Calculate s(6).
-3
Let x be (6/(-4))/(3/(-8)). Let m(j) = j**3 - 2*j + 1 + 3 + 2*j**2 - 2*j**2 + x*j**2. Give m(-5).
-11
Suppose -3*t - 7 = 2*u, -2*t + 5*u = 2*u + 22. Let p(i) = -8*i - 2 + 2 - 1 - 3 - 2*i**2. Give p(t).
-14
Let r be (-3 + 1)*(-3 + 4). Let c be r/6 + 2/6. Let m(s) = 2*s - 7*s - 6 + 4*s + 2*s. Give m(c).
-6
Let s(z) = -3*z**2 - 2*z - 2*z**2 + z**3 - 5*z. Let a(x) be the first derivative of -x**2/2 - 3*x + 8. Let o be a(-9). Give s(o).
-6
Let l(p) = -p + 1. Let f = -19 - -17. Let w(i) = -5. Let u(m) = f*l(m) + w(m). What is u(5)?
3
Let z(f) = -f + 1. Let l be z(1). Let m(c) = -c**2 + c + 3. What is m(l)?
3
Let w(s) be the second derivative of s**6/360 - s**4/4 - 5*s. Let q(f) be the third derivative of w(f). Determine q(-3).
-6
Suppose 4*f = 2*f + 4. Let k(r) = -11*r**f + 12*r**2 + 2 + 6*r - 4. Give k(-6).
-2
Let t(c) = -c**3 + 3*c**2 - 2*c + 6. Let m(b) = -b**2 + b - 1. Let d(v) = 3*m(v) + t(v). Calculate d(0).
3
Let k(z) = 3*z - 35. Let q be k(11). Let f(t) = -2*t - 3. Calculate f(q).
1
Suppose -1 + 21 = -4*l. Let f(a) = -a**3 - 4*a**2 + 5*a + 2. Let i be f(l). Let r(o) = 7*o + 2 - 4*o**i + 4*o**2 + o**2. Determine r(-4).
-10
Let p(o) = -1 - 2*o**2 + 0*o - 2*o - o + 6*o. What is p(2)?
-3
Let u be (2/7)/((-48)/(-35)). Let x(k) be the third derivative of -1/60*k**5 + 0 - 2*k**2 - 1/3*k**3 - u*k**4 + 0*k. Determine x(-4).
2
Let r(o) = 7*o**2 + 10*o - 6*o**3 - 7 - 5 + 5*o**3. Let b be r(8). Let a(d) = d + b - 1 + 3. Calculate a(-5).
1
Let x(f) = f**2 - 5*f + 5. Suppose -2*q + 9 - 1 = 0. Calculate x(q).
1
Let i(m) = -m**2 + 3*m - 2. Let f(y) = y**3 - 1. Let c be f(-1). Let q be 2 + -1 + 5 + c. Give i(q).
-6
Suppose 3*j = -y - j - 17, y = 2*j + 1. Let i(q) = 3*q - 6. Give i(y).
-21
Let w(k) = 11*k**2 - 2*k - 1. Let m be w(-1). Suppose -m = -3*a - 0*a. Let h(d) = -d**3 + 4*d**2 + 3*d - 5. Give h(a).
7
Let d(h) = h**3 - 3*h**2 - 5*h + 2. Let t be d(4). Let i(y) = -1 + 0*y**2 - 2*y**2 - 2*y**3 + 0*y**2. Determine i(t).
7
Let a(n) be the first derivative of n**6/120 - n**5/40 + n**4/8 + 5*n**3/3 - 8. Let v(h) be the third derivative of a(h). Calculate v(2).
9
Let a(h) = -2*h**2 + 3 - 3*h - h**2 + 4*h**2. Suppose -5*o - 16 = -2*y + 18, -3*y = 2*o + 6. Let s be 2*(o/(-4))/1. Calculate a(s).
3
Let a(o) be the third derivative of -o**6/60 + o**5/60 + o**4/6 - o**3/2 + o**2. Suppose -4*k = 2*i + 6, 0 = 4*i + 3*k + 2*k. Let q = i + -3. Calculate a(q).
-7
Let x(y) = 7*y - 5. Let b(p) = 20*p - 14. Let w(o) = 6*b(o) - 17*x(o). Calculate w(-1).
0
Let m(j) = j**2 - 11*j - 11. Let s be m(12). Let n(u) = -u**2 + u - 1. What is n(s)?
-1
Let j be (-14)/6 - -1 - 8/12. Let z(a) = 2*a + 2. Give z(j).
-2
Let a(f) = -7*f**3 - 3*f + 8*f**3 + f - f - 3*f**2. What is a(3)?
-9
Let y(v) = -7*v**3 - 2*v**2 - v. Let p be 34/6 + (-4)/6. Suppose 4*h + 4 = -4*u - 0, 0 = -p*u. Calculate y(h).
6
Suppose -o + 13 = 14. Let l(b) = -6*b**2 - 2*b - 1. Determine l(o).
-5
Suppose -6 = 4*u + 2*j, 3*u - 7*u = -3*j + 11. Let z be ((-2)/(-3))/(-1)*-3. Let b(i) = -3*i**z - i**3 + 4*i + 5*i**2 - 3*i**2 + 3. Give b(u).
-1
Let v(o) = -3*o**2 + o - 2. Suppose -p + 3*h = -3*p - 19, 2*h + 11 = -p. Let z(f) = -2*f**2 + f - 1. Let k(l) = p*v(l) + 8*z(l). What is k(3)?
2
Let c(t) be the third derivative of -t**5/24 + t**3/2 - 7*t**2. Let i(n) be the first derivative of c(n). What is i(1)?
-5
Let w(a) = -2*a + 66*a**2 - 68*a**2 - 2*a + 2*a + 1. Give w(1).
-3
Let w(p) = 2*p + 2 - 5 + 2. Let g be -1*1/2*4. Determine w(g).
-5
Let s(x) be the first derivative of x**4/4 + x**3 - 3*x**2 - 5*x - 3. What is s(-4)?
3
Let a(t) be the first derivative of -t**3/3 - 5*t**2/2 - t - 2. What is a(-5)?
-1
Let q(s) = -s**2 - 3*s. Let o be q(-2). Let u be (-57)/(-15) + 2/10. Let z(g) = u*g + 1 + 5*g**2 + 4 + 0*g**o + g**3. Calculate z(-4).
5
Let z(j) = 3*j - 7. Let v be z(6). Let p = -5 + v. Suppose w - p = -w. Let g(l) = -l + 7. Give g(w).
4
Let b(v) = v + 1. Suppose 0 = -5*i - 2*w - 1 + 4, 4*i = w - 8. Let p(l) = -l**3 - 7*l**2 + 5*l + 1. Let r(c) = i*p(c) + 5*b(c). What is r(-7)?
4
Let d = 6 - 4. Suppose -6 = -j - d. Let y(i) = 5*i**2 - 2*i + 0*i**3 - j*i - i**3 + 6. Calculate y(4).
-2
Let w(l) = -2*l - 3. Suppose -4*x - q = 9, -4*q + 6 - 4 = -3*x. Determine w(x).
1
Let r(j) be the first derivative of -j**4/12 - j**3 - j**2/2 + 5*j - 1. Let c(l) be the first derivative of r(l). Determine c(-5).
4
Let k = 6 - 3. Let p(t) = t**2 - 25*t + k + 25*t. Give p(-3).
12
Let z(q) = -6*q + 1. Let w(r) = 7*r - 1. Let j(x) = 3*w(x) + 2*z(x). Suppose 2*i - 2*g - 4 = 0, 0 = -4*i + g + 9 + 11. Let t be ((-2)/4)/(3/i). Give j(t).
-10
Let s(v) be the second derivative of 2*v**5/5 + v**4/6 - v**2/2 + 5*v. Suppose -b + 1 = -0*b. What is s(b)?
9
Let f(b) = b**3 + b + 2. Let l(k) = 2*k - 26. Let w be l(13). Determine f(w).
2
Let p be (-7)/(-1) + (2 - -4) + -3. Let n(s) = s**2 - 10*s - 1. Give n(p).
-1
Let g(o) be the third derivative of -o**6/12 - o**5/60 - o**2. Let b be 2/2*1*1. Suppose -u = -0 - b. Determine g(u).
-11
Let s(h) = -h**3 - 6*h**2 + 6*h - 5. Let b be s(-7). Let t(c) = 2*c**2 + 2 - c**2 + c + 0 - 3*c. Calculate t(b).
2
Let n(m) = 2*m + 1. Let w(f) = -4*f - 3. Let k(q) = 9*n(q) + 4*w(q). What is k(-5)?
-13
Let x = 14 - 11. Let u(b) = -5*b**2 + 0*b**2 + 2*b**x - b**3 + 4*b. What is u(3)?
-6
Let q = -11 - -8. Let a = -8 - q. Let w(t) = t**3 + 6